+ 4*a**2 + 3*a + 1. Let y be f(-2). Suppose -p + z + 59 = -0*z, -212 = -y*p - 4*z. What are the prime factors of p?
2
Let h(q) = q. Let b be h(4). Suppose u - 4 = -b*x + 2*x, -4*u = -5*x + 10. Suppose x*w - 20 - 8 = 0. List the prime factors of w.
2, 7
Suppose 4*m = 17*m - 20891. What are the prime factors of m?
1607
Let g(j) = -j**2 + 16*j - 20. Let h be g(14). Let q be 5/(-20) + (-58)/(-8). Suppose -5*b = -q - h. What are the prime factors of b?
3
Let r = 11 - 11. Suppose 6*b + 450 - 120 = r. What are the prime factors of 2 - (b + 4 + -4)?
3, 19
Let v be (5/(-10))/((-2)/36 + 0). What are the prime factors of (-2)/v + -290*1/(-9)?
2
Let p = 606 + -7. What are the prime factors of p?
599
Suppose -2*a = -a - 5. Suppose -a*o + 85 = 5*k, -2*k + o - 51 = -5*k. List the prime factors of k.
17
Suppose 2 = 3*x + 17, -2*z - x + 1495 = 0. What are the prime factors of z?
2, 3, 5
What are the prime factors of 11/(231/(-3010))*(-8 - 1)?
2, 3, 5, 43
Let r = -36 - -30. What are the prime factors of (-7 - r)/((-3)/15)?
5
Suppose 4*i - 25 = -1. List the prime factors of (2 - -51)*(i + -5).
53
Suppose -6475 + 851 = -8*h. What are the prime factors of h?
19, 37
Suppose 5896 = 3*z - 3641. List the prime factors of z.
11, 17
Let s(d) = -d - 1. Let a(c) = 7*c + 14. Let b(q) = -q**3 - 6*q**2 - 6*q - 6. Let t be b(-5). Let j(w) = t*a(w) - 3*s(w). What are the prime factors of j(-10)?
29
List the prime factors of (-64)/(-48) - 4097/(-3).
1367
Suppose 2*v - 3*v = 0. Suppose -n + 3407 = 4*p - 0*p, -2*p + 2*n + 1706 = v. List the prime factors of (-6)/21 - p/(-42).
2, 5
Let i = 25 - 19. Let k be 66/15 + i/(-15). Suppose -t + 4*p = 2*p - 3, -k*t - 3*p = -45. What are the prime factors of t?
3
Suppose 2544 = 15*k - 4191. What are the prime factors of k?
449
Suppose -11*k + 8*k - 351 = 0. Let c = 203 + k. List the prime factors of c.
2, 43
Suppose t = -4*t + 5*s + 7605, 2*t + 5*s = 3077. What are the prime factors of t?
2, 7, 109
Let t(m) = -m + 17*m - 7*m - m**3 - 4*m**2 + 4. List the prime factors of t(-6).
2, 11
Let r be (-11)/3 + 16/24. Let k = r - -17. What are the prime factors of k?
2, 7
Let i(l) = l**3 + 3*l - 1 - 12*l + 6*l + 7*l + 7*l**2. What are the prime factors of i(-6)?
11
Let b(o) = -o + 5. Let k = 3 - 3. Let w be b(k). Suppose u + w*p = p + 9, u - 3*p = 37. List the prime factors of u.
5
Suppose -23*j = -10*j - 6760. What are the prime factors of j?
2, 5, 13
Let o(w) = 5*w**2 - 6*w - 79. List the prime factors of o(-18).
17, 97
Let m(s) = -s**3 - s**2 + 21. Let d = -2 - -5. Suppose g + d*g = 0. List the prime factors of m(g).
3, 7
Suppose -4*d + 10 + 22 = -2*s, d + 2*s = -2. Suppose -85 = d*g - g. Let q = g - -35. List the prime factors of q.
2, 3
List the prime factors of -1029*1/(7 + -8).
3, 7
What are the prime factors of 0 - (-1390 + -5 + 15)?
2, 3, 5, 23
Suppose -4*c + 4 = 0, -3*f + 255 + 431 = 2*c. Suppose k = 3*k - f. What are the prime factors of k?
2, 3, 19
Let l be 16/(4 + -5) - -4. Let d(p) be the first derivative of p**3/3 + 11*p**2/2 - 7*p - 1. What are the prime factors of d(l)?
5
Suppose -a + 1 + 6 = 0. Suppose -a*y + 380 = -880. Suppose 2*x - 3*l = x + 45, -4*x - l + y = 0. What are the prime factors of x?
3, 5
Suppose 89*y - 91*y + 4939 = 3*a, 0 = -y - 4*a + 2477. List the prime factors of y.
5, 17, 29
Let l = 25 + -19. Suppose -84 = -2*c - 3*v, -v + l + 127 = 3*c. What are the prime factors of c?
3, 5
Let x(r) be the third derivative of -r**6/120 + r**5/6 + 7*r**4/24 - 13*r**3/3 - 10*r**2. What are the prime factors of x(8)?
2, 79
Suppose 4*v = -5 - 3. Let q = v + 2. Suppose -3*l = -q*l - 27. What are the prime factors of l?
3
Let p be 0 + 4 - (2 + -2). Suppose 0 = 3*f - 5*v - 62, f + 2*v = p + 2. Let k = f + -12. List the prime factors of k.
2
Suppose 3*d + 4*l - 2790 = 0, l - 4*l = 4*d - 3727. List the prime factors of d.
2, 467
Suppose -12*n + 39424 = 16*n. What are the prime factors of n?
2, 11
Let n(j) be the first derivative of -j**2 + 10*j - 1. Let y be n(9). List the prime factors of (y/6)/(16/(-216)).
2, 3
Suppose i = -0*i + 26. Let y = -1 - -44. Let a = y - i. What are the prime factors of a?
17
Let s(u) = -2*u + 6. Let w be s(7). Let f = w - -2. What are the prime factors of 2/(-3) - 16/f?
2
Let m be (-1755)/260 + (-3)/(-4). Suppose -g = -2*d + 7, -4*g + 3*d - 6*d = -27. Let t = g - m. List the prime factors of t.
3
Suppose -u - 2*d = -41, 3*d + 0 = 6. Let h = u + -4. Let f = h + -17. What are the prime factors of f?
2
Suppose 0 = u - 6 + 1. Let h be u - (0 + 0 + 1). Suppose h*t + 52 = 8*t. List the prime factors of t.
13
Suppose 7920 = 3*m - 3*o, m = -o + 1821 + 809. List the prime factors of m.
5, 17, 31
Let q = 140 - -599. List the prime factors of q.
739
Let n(v) be the third derivative of -v**5/60 - v**4/8 + 11*v**3/2 + 36*v**2. What are the prime factors of n(0)?
3, 11
Suppose 4*g = -134 + 486. List the prime factors of (-2)/11 + 3888/g.
2, 11
Let b = -263 + 1214. What are the prime factors of b?
3, 317
Let a be 50/20 + 2/(-4). Suppose 2*z + 0*d - 174 = -5*d, -3*d - 190 = -a*z. List the prime factors of z.
2, 23
Let q(n) = -n**2 - 3*n + 7. Let c be q(-5). Let y = c + 7. Suppose h - 3*a - 90 = -3*h, -3*h + y*a = -71. What are the prime factors of h?
3, 7
Let q be 5/2*(-32)/(-20). Suppose -5*z - 25 = -2*t + 136, -317 = -q*t + 5*z. List the prime factors of t.
2, 3, 13
Suppose -370 = -3*h - f, 2*h - 3*f - f - 228 = 0. Suppose 2*t + 3*r = -r - h, -161 = 3*t - 5*r. Let s = 1 - t. List the prime factors of s.
2, 29
Let q(r) = r**3 - 2*r**2 - 7*r - 2. Let y be q(4). Suppose -3*u + 37 = 5*k, -y*u + 3*k + 11 = -1. List the prime factors of u.
3
Suppose 281 = 2*d + 3*b, b = 4*d - 9*d + 670. Suppose -5*g + d = 2*c, -2*g - 64 = -c + 16. What are the prime factors of c?
2, 37
Let m = 11 + -21. Let p = 13 + m. Suppose 11 = t + p*f, -3*f - 38 = -5*t - f. What are the prime factors of t?
2
Let u = 9806 - 6539. List the prime factors of u.
3, 11
Let i = 8 + -6. Suppose 5*k - 20 = 0, 0 = -4*y - 3*k + i*k + 16. Suppose -3*f = -p + 39, 2*f - 131 = -y*p - 25. What are the prime factors of p?
2, 3
Suppose 20 = -3*a + y, -20 = 4*a + 5*y - 3*y. What are the prime factors of -4*(-2)/(-4) - 822/a?
3, 5
Let x be (7 - 6)*(1 - -3). Suppose x*m - 173 = -3*j, -2*j = -3*m + 6*m - 116. List the prime factors of j.
5, 11
Suppose 6*n - 4*a - 330 = 4*n, -3*n + 480 = -3*a. List the prime factors of n.
5, 31
Let h = -23 + 24. Let f(l) = 71*l + 1. What are the prime factors of f(h)?
2, 3
Let n = 10989 - 6543. What are the prime factors of n?
2, 3, 13, 19
Let i(j) = 7*j**2 - 17*j - 76. List the prime factors of i(-13).
2, 83
Let v be 2/(-9) - (4 + (-385)/(-9)). Let d = v + 118. What are the prime factors of d?
71
Let k(l) = 2*l**2 - 8*l - 10. Let y be k(6). Suppose -172 = 10*c - y*c. List the prime factors of c.
43
Let q(d) = -12*d - 5 - 3 + 25*d + 14*d. List the prime factors of q(2).
2, 23
Suppose 60 = -5*n - 35. Let k(l) = 2*l**2 + 6*l + 3. Let r be k(-6). Let y = r + n. List the prime factors of y.
2, 5
Suppose -9*i + 6*i + 1298 = 2*p, -3*p = -i - 1936. List the prime factors of p.
2, 17, 19
Suppose -5*u + 141 = 2*a + 52, -u = 5. What are the prime factors of a?
3, 19
Let k = -15 + 23. Suppose 0*j + k*j = 0. Suppose 129 = 3*t + t - 3*q, j = 3*q - 15. List the prime factors of t.
2, 3
Let p(k) = 3*k + 6. Let n be p(0). What are the prime factors of (12/18)/(n/117)?
13
List the prime factors of (2 + 2)*(-9703)/(-124).
313
Let l = -35 + 25. Let p be 0*(3 - l/(-4)). Let d(z) = -z**3 + z**2 + 12. List the prime factors of d(p).
2, 3
List the prime factors of (-120)/(-40) + (-2092)/(-2) + -1.
2, 131
Let t be ((-6)/5)/(1/(-5)). Let g(l) = -30 + 46 + 6*l - 22. What are the prime factors of g(t)?
2, 3, 5
Let x(r) = r**3 - 15*r**2 + r - 16. Let v be x(15). Let w be ((-58)/4)/(v/10). Suppose 72 + w = 7*f. What are the prime factors of f?
31
Suppose 2*l = l + 2*k - 49, 0 = 4*l - 3*k + 196. Let u = 97 + l. What are the prime factors of u?
2, 3
Let q(n) = -20 - 15 - 13*n + 8 + 70*n. List the prime factors of q(5).
2, 3, 43
Suppose -k = 2*k + 15, 5*h - k + 240 = 0. Let d = h - -81. List the prime factors of d.
2
Let y(b) be the third derivative of 0*b + 1/60*b**5 + 1/120*b**6 + 1/2*b**3 + 4*b**2 + 0 - 1/4*b**4. What are the prime factors of y(3)?
3, 7
Suppose -2*i =